*d - 5. Let g be y(4). Suppose 4*q - 5 + 1 = 0. Let a = q + g. What is the greatest common factor of 8 and a?
4
Suppose -4*j - 228 = -4*d, -232 = 4*j + 4*d - 7*d. Suppose 2*p - 5*p + 309 = 0. Let q = p + j. What is the greatest common factor of q and 21?
21
Let i(m) = -m**2 + 5. Let u be i(0). Suppose h + 468 = u*h. Suppose 4*x - 11 = h. Calculate the greatest common divisor of x and 8.
8
Let p(c) = c**3 + 7*c**2 - 11*c + 2. Let a be p(-8). Calculate the greatest common divisor of a and 39.
13
Let u = 152 - 119. Calculate the highest common divisor of 22 and u.
11
Let i = -6 - -34. Let s be i/6 + (-2)/3. Let n(t) = t**2 - t - 4. Let f be n(4). What is the greatest common divisor of s and f?
4
Let z be (-3)/(-1) + (2 - -11). What is the greatest common factor of z and 32?
16
Let b be 5*2/((-40)/(-36)). Let c(w) = 12*w - 3. Let n be c(4). Calculate the greatest common divisor of n and b.
9
Suppose 0 = 2*t - t - 25. Suppose -13 = -s + 3*o, 5*s - 3*o - 49 = -4*o. Calculate the highest common divisor of s and t.
5
Let s be 243/4 + 75/60. What is the greatest common factor of 310 and s?
62
Let r be (-24)/16 - (-5)/(20/78). Calculate the highest common factor of 198 and r.
18
Suppose s = -4*s + 35. Let o(t) = -2*t + 6 - t + 4*t**2 + 2 - t. Let n be o(s). What is the greatest common factor of 16 and n?
16
Let f(m) = -254*m + 1. Let h be f(-1). Suppose -h = 2*d - 7*d. What is the highest common divisor of 17 and d?
17
Let p be (-1)/((-2)/40) + 0. Let i = 23 + -13. What is the greatest common factor of i and p?
10
Let j(p) = -p**3 - 18*p**2 - 17*p + 5. Let z be j(-17). Suppose -s + 67 = -4*a, 5*s - 96 = -a + 176. Calculate the highest common divisor of s and z.
5
Let a be 47 + -4*1/(-2). Let g be ((-10)/(-15))/(6/63 - 0). Calculate the highest common divisor of a and g.
7
Suppose -2*f = f - 42. Let t be -1*(-14 + 2)/4. Let s be t/(3*(-1)/(-154)). What is the greatest common divisor of f and s?
14
Let a(l) = -l**3 + 12*l**2 + 2*l - 4. Let n be a(12). What is the greatest common factor of 8 and n?
4
Let f be 2/(-2 - 15/(-9)). Let a be 8 + 0 - 0/f. What is the greatest common divisor of a and 8?
8
Let n = 30 + 30. Calculate the highest common divisor of n and 20.
20
Let b(f) = -1 - 10*f**3 - 2*f + 4*f + 2*f**2 - 2*f. Let n be b(-1). What is the greatest common factor of n and 11?
11
Let t be 7/(-21) - 218/(-6). Let s = t - 20. What is the highest common factor of s and 144?
16
Let y = -27 + 37. What is the greatest common divisor of y and 4?
2
Let h(z) = -4*z - 3. Let y be h(-4). Let l(v) = -4*v - 2*v - 5 - 10*v + 2*v. Let g be l(-5). What is the highest common factor of g and y?
13
Let x be (55 - 1) + 13 + -7 + -9. What is the greatest common factor of x and 255?
51
Suppose -w + 1 = -5. Calculate the highest common divisor of w and 12.
6
Let u = -34 - -61. What is the greatest common factor of 18 and u?
9
Let v(a) = a**2 + 6 + a - 4*a**2 + a**3 - 6*a. Let q be v(4). Let j be q + (6/2 - -75). Calculate the highest common factor of j and 32.
16
Let q = 16 + -11. Suppose q*a = -0*a + 110. What is the highest common factor of 55 and a?
11
Let c = 6 + -1. Let p = c + 2. Calculate the highest common factor of 7 and p.
7
Suppose -4*l + 371 = -349. What is the greatest common divisor of 20 and l?
20
Let h be (-2 - 3258) + (-1)/1. Let o be h/(-33) + 8/44. Suppose 2*b - 13 = u, 5*b - 9 = 2*u + 26. Calculate the greatest common divisor of b and o.
9
Suppose 7*j - 160 = -3*j. Calculate the greatest common factor of 4 and j.
4
Suppose -9 + 1 = -2*q. Let o be (4 + -4)*(-2)/q. Let v be (-1)/3*o - -20. What is the greatest common factor of v and 5?
5
Suppose 5*b - 124 - 66 = 4*a, -a - 76 = -2*b. Suppose 3*m - 279 = -5*q, -3 - 46 = -q - 4*m. What is the highest common divisor of q and b?
19
Let g = 8 - 6. Suppose g = -f + 7, -w = 4*f - 25. Suppose c = q + 6 + w, -2*c + 1 = 5*q. Calculate the highest common factor of c and 1.
1
Let a = 11 + 2. Let u be 1/2 - 100/(-8). What is the greatest common divisor of a and u?
13
Let q(k) = -2*k**2 + 8*k - 2. Let c be q(3). Calculate the greatest common divisor of c and 4.
4
Let d be -3 + 5 + 1*-5. Let n be (5/d)/(3/(-9)). Let z(m) = m**3 + 8*m**2 + 9*m + 2. Let r be z(-6). Calculate the greatest common divisor of r and n.
5
Let s be (14/(-1))/(6/(-213)). Calculate the highest common factor of 71 and s.
71
Let f(c) = 2*c**2 + 12*c + 2. Let u be f(7). Let a be (92/6)/(6/9). Calculate the greatest common factor of u and a.
23
Suppose -15 = -4*f + f. Suppose 30 = 2*c - 20. What is the greatest common factor of c and f?
5
Let f = 2 + 0. Let h be -3 - 63/(-3)*1. Calculate the highest common divisor of h and f.
2
Let m = -314 - -836. Let q(f) = -f**2 - 6*f - 4. Let h be q(-3). Let w be m/15 - (-1)/h. What is the highest common factor of 14 and w?
7
Suppose -6 = r - 5*z - 4, -5*r - 3*z + 18 = 0. Calculate the greatest common factor of 33 and r.
3
Let w be 78/663 + (-202)/(-17). Let s be (16/(-6))/((-1)/36). What is the greatest common divisor of w and s?
12
Suppose 0 = -5*y - 0*y + 25. Suppose 7*t + 5*z = 4*t + 35, y*z = -2*t + 25. What is the highest common factor of t and 5?
5
Let q = 34 + -23. Suppose -l - 2 = 0, 10*o - 98 = 5*o + 4*l. Suppose -o = -u + 103. Calculate the highest common factor of q and u.
11
Let b be 4/6 - 229/(-3). Suppose -f = 17 - 2. Let j = f - -22. Calculate the greatest common divisor of b and j.
7
Suppose 4*s - 9 = 2*l + 15, -4*l + 30 = 5*s. Calculate the greatest common divisor of 66 and s.
6
Let y be 36/(-7)*(-14)/4. What is the highest common factor of y and 126?
18
Let v(g) = -68*g + 2. Let p be v(-2). Suppose 0 = 5*h + 28 - p. What is the highest common divisor of 110 and h?
22
Let o = -10 + 21. Let d = -21 + 31. Let j = d - 9. What is the greatest common divisor of j and o?
1
Suppose b + b = 4, -5*s + 2*b = -171. Suppose -5*v = 2 - 27. What is the greatest common factor of s and v?
5
Suppose -3*g + 27 - 3 = 0. Let r be (0 - g/(-3))*18. What is the highest common factor of 16 and r?
16
Let a = -1 - -1. Suppose o - 6 = -a. Let y(x) = x**2 + 3*x + 3. Let z be y(-3). What is the highest common divisor of z and o?
3
Let c = -6 + 57. Let z be 18 + -1*1/1. Calculate the greatest common factor of z and c.
17
Let m = 30 + -30. Suppose m = -5*w - x - x + 70, 0 = -4*w - 4*x + 44. Let v = 98 + -18. What is the greatest common factor of w and v?
16
Suppose -182 = -9*i + 115. Calculate the highest common factor of 44 and i.
11
Suppose 174 = p - 3*x, -2*p = -6*p + 2*x + 746. Calculate the greatest common factor of 21 and p.
21
Let q(c) = -5*c - 10. Suppose 3*t - 28 = -t. Let b be q(t). Let l = b + 65. What is the greatest common factor of l and 10?
10
Suppose 0 = -2*n + x + 8, 8 = -0*n + 2*n - 3*x. Let c be 6*3*(n - 3). Let r be ((-44)/(-33))/(4/c). What is the greatest common factor of 42 and r?
6
Suppose 4*h - 6*h = 0. Suppose b - 32 = -b + 4*z, -3*b - 3*z + 12 = h. Calculate the highest common factor of 12 and b.
4
Suppose -5 = 4*m - 5*m. Let u(g) = g - 2. Let l be u(m). Let k be (-4)/(l/(-3)) - -2. Calculate the greatest common divisor of k and 15.
3
Let y be (-2 - -30)*5*2/20. Calculate the greatest common divisor of 63 and y.
7
Let h = 61 - 37. Suppose 5*t - 30*t = -150. What is the greatest common factor of h and t?
6
Let y = 153 + -58. What is the greatest common factor of y and 5?
5
Let o be 215/30 - 7 - 47/(-6). Calculate the greatest common divisor of o and 16.
8
Let u(w) = -w**3 - 7*w**2 + 8*w + 7. Let p be u(-8). Calculate the highest common factor of p and 35.
7
Let f be 318/8 + (-2)/(-8). Let u(y) = -6*y + 10 - 1 + 5*y. Let a be u(4). Calculate the highest common factor of a and f.
5
Let h(j) be the third derivative of j**4/12 + 5*j**3/6 + 2*j**2. Let o be h(6). Calculate the greatest common factor of 34 and o.
17
Let h = 144 + -81. Calculate the highest common divisor of 7 and h.
7
Let a(m) = -m + 24. Let q be a(15). Calculate the highest common factor of q and 36.
9
Suppose 0 = -0*b - 2*b. Let q be 1*((b - -10) + -3). Let w be -1*7*(1 - 8). What is the greatest common factor of w and q?
7
Let l(n) = -n**3 - 5*n**2 - 3*n + 4. Let f be l(-4). Let w(u) = u**2 + u + 63. Let p be w(f). What is the greatest common factor of p and 7?
7
Suppose -10 + 3 = -3*r - y, -4 = 4*r - 2*y. Let z be r/2 - (-44)/8. Let x 